lculate the highest common divisor of 7993811 and 78269.
943
What is the greatest common factor of 162892710 and 1347?
1347
Calculate the highest common divisor of 3850057 and 8942.
263
Calculate the highest common factor of 957936 and 8022.
42
What is the greatest common factor of 11387034 and 30?
6
Calculate the greatest common divisor of 100968 and 728.
56
Calculate the highest common factor of 54863670 and 90.
30
Calculate the greatest common factor of 65941414 and 506.
506
Calculate the highest common factor of 7813 and 297089.
13
What is the greatest common divisor of 125 and 1496065?
5
Calculate the highest common divisor of 700 and 10935064.
28
What is the greatest common factor of 172 and 284287362?
86
Calculate the highest common factor of 49 and 2332589.
7
Calculate the highest common factor of 26 and 5926115.
13
What is the greatest common factor of 3737184 and 18744?
264
Calculate the greatest common divisor of 308 and 5215112.
28
Calculate the highest common divisor of 3421004 and 9844.
428
Calculate the highest common factor of 1629793 and 57937.
2519
Calculate the greatest common divisor of 71655402 and 117.
39
Calculate the greatest common divisor of 149755 and 1952.
61
Calculate the highest common factor of 2085 and 928415055.
2085
What is the highest common divisor of 277530 and 52142?
1682
Calculate the greatest common factor of 28 and 2230662.
14
What is the greatest common factor of 74628 and 134244?
108
Calculate the highest common factor of 29 and 443379753.
29
Calculate the highest common factor of 59 and 226310843.
59
Calculate the highest common factor of 122484252 and 11.
11
Calculate the greatest common divisor of 744716980 and 18520.
9260
What is the highest common divisor of 21864 and 5135307?
2733
Calculate the greatest common divisor of 3915116 and 203.
29
Calculate the highest common factor of 5876454 and 4656.
582
What is the highest common factor of 822 and 304510174?
274
What is the highest common factor of 27576 and 265357720?
3064
Calculate the highest common factor of 288562 and 326918.
446
What is the highest common divisor of 1044791098 and 13?
13
What is the highest common factor of 54556700 and 100?
100
Calculate the highest common factor of 3246092 and 8.
4
What is the greatest common divisor of 8501068 and 10168?
124
What is the greatest common divisor of 46361360 and 40?
40
What is the highest common divisor of 261444 and 2740?
4
Calculate the greatest common divisor of 1158631782 and 462.
462
Calculate the highest common divisor of 115 and 34554832.
23
What is the highest common divisor of 912 and 15626064?
48
What is the greatest common factor of 9749831 and 728?
91
What is the greatest common divisor of 37943995 and 12820?
3205
Calculate the greatest common factor of 15330 and 9800250.
2190
What is the greatest common divisor of 1922795 and 315?
35
What is the greatest common divisor of 126 and 8594166?
42
What is the highest common factor of 440609 and 8086?
13
What is the greatest common divisor of 1721823 and 15?
3
Calculate the greatest common factor of 60 and 665761020.
60
What is the greatest common divisor of 9416433 and 35607?
3237
What is the greatest common factor of 241153 and 2167?
11
Calculate the highest common divisor of 3227631 and 891.
33
What is the greatest common divisor of 108004 and 13782704?
3484
Calculate the greatest common factor of 51791 and 33.
1
What is the highest common divisor of 41757 and 61566?
93
What is the greatest common factor of 15445241 and 142093?
2681
Calculate the highest common factor of 3874899 and 231.
21
What is the highest common divisor of 607560 and 1462170?
1830
Calculate the highest common factor of 47311 and 5687.
121
Calculate the greatest common factor of 1786 and 5388818.
38
Calculate the greatest common divisor of 28181023 and 13.
13
What is the greatest common factor of 751129 and 20532?
1711
Calculate the greatest common divisor of 159 and 34961079.
159
Calculate the greatest common divisor of 42963000 and 456.
24
Calculate the highest common divisor of 6 and 127493052.
6
Calculate the greatest common factor of 233799500 and 55.
55
Calculate the greatest common factor of 50 and 443301350.
50
What is the highest common factor of 1170 and 278590?
130
Calculate the highest common divisor of 51031951 and 53.
53
Calculate the highest common factor of 14085974 and 66598.
994
What is the highest common divisor of 606 and 1283151?
3
What is the highest common divisor of 6 and 13669062?
6
Calculate the highest common divisor of 24084 and 395641917.
2007
Calculate the highest common factor of 1134895 and 536905.
3215
What is the highest common factor of 8787620 and 100?
20
Calculate the greatest common divisor of 36 and 65461056.
12
What is the greatest common factor of 135 and 3224203785?
135
Calculate the highest common divisor of 26178074 and 3224.
806
What is the highest common divisor of 6212865 and 3017?
431
What is the greatest common factor of 8575812 and 252?
252
What is the highest common divisor of 188833600 and 642?
214
Calculate the greatest common factor of 574266 and 60258.
726
What is the highest common divisor of 460 and 3204708220?
460
Calculate the greatest common divisor of 5562 and 2099346.
618
Calculate the greatest common factor of 20772435 and 420.
15
Calculate the greatest common divisor of 234 and 40544491.
13
Calculate the greatest common factor of 26598 and 1151202.
78
Calculate the greatest common factor of 101866 and 1169537.
961
What is the highest common factor of 12469312 and 344?
344
Calculate the highest common factor of 1516489 and 611.
13
Calculate the greatest common divisor of 21908285 and 4214.
301
Calculate the greatest common factor of 220978457 and 69.
23
What is the greatest common factor of 22914 and 15179898?
114
What is the greatest common divisor of 55716716 and 176?
44
Calculate the highest common factor of 2427597 and 90099.
1269
What is the greatest common divisor of 42008 and 237096?
712
Calculate the highest common divisor of 149872 and 466871.
493
Calculate the highest common divisor of 4545 and 27775.
505
Calculate the greatest common factor of 1240286 and 153.
17
What is the greatest common factor of 33721875 and 22?
11
What is the highest common factor of 23 and 354170192?
23
What is the greatest common factor of 534 and 335692870?
178
What is the highest common divisor of 6736504 and 64?
8
What is the highest common factor of 240 and 710188?
4
What is the highest common divisor of 37625 and 261655?
215
Calculate the greatest common factor of 59 and 154633631.
59
Calculate the greatest common factor of 129 and 911418927.
129
Calculate the highest common divisor of 3919014 and 106524.
198
What is the greatest common factor of 1655017 and 3367?
91
Calculate the greatest common factor of 101947976 and 110864.
4264
What is the greatest common divisor of 661556359 and 2991?
997
What is the greatest common factor of 809406 and 2002?
26
Calculate the highest common divisor of 7744 and 352960.
64
What is the greatest common divisor of 4943 and 139?
1
Calculate the highest common factor of 228944 and 19987928.
2792
Calculate the highest common factor of 59451 and 10773.
399
Calculate the greatest common divisor of 5286638 and 224.
14
What is the highest common divisor of 316482 and 486?
6
Calculate the greatest common divisor of 4815 and 4441035.
1605
Calculate the highest common divisor of 7170273 and 207.
207
What is the highest common factor of 18 and 202439922?
6
What is the highest common factor of 673802054 and 114?
38
What is the greatest common divisor of 217427 and 1389913?
623
Calculate the highest common factor of 436 and 89013106.
218
Calculate the greatest common factor of 599312644 and 2.
2
Calculate the greatest common factor of 136394550 and 300.
150
Calculate the greatest common factor of 5297492 and 472.
236
Calculate the greatest common divisor of 210 and 12873105.
105
What is the greatest common factor of 1350 and 9160650?
450
Calculate the highest common divisor of 324995 and 203705.
1555
Calculate the greatest common divisor of 21484 and 158096.
164
What is the highest common divisor of 15984 and 8660331?
999
Calculate the highest common factor of 286170 and 13690.
10
Wha